5*h + 37, -5*h = -3*q - 54. Let x = 32 + q. Is x a composite number?
False
Let h = 51 + -47. Let i(l) be the second derivative of l**3 - 5*l**2/2 - l. Is i(h) prime?
True
Let x = -3274 + 5315. Is x prime?
False
Let k = -153 + 17. Let l = 349 + k. Is l a composite number?
True
Let u = 1728 - 1142. Is u prime?
False
Let w = 9 - 7. Suppose 2*f - w*v = 458, -v - v = 2*f - 474. Is f a composite number?
False
Let z = 3 + -16. Let v = z - -66. Is v composite?
False
Let t(c) = 3*c**2 - 8*c + 12. Is t(5) prime?
True
Suppose -5*r = 5, 2*a - 4*r = 1136 - 234. Is a composite?
False
Let q = 441 - -802. Is q composite?
True
Let g(w) = 6*w**2 - 16*w - 19. Is g(13) composite?
False
Let t = 124 - 69. Suppose -5*f = -2*q + 101, 2*f = -q - 0*f + t. Is q a composite number?
False
Suppose 4*y = 2*y + 8. Suppose -3*c = -2*m + y*m - 28, 2*c + 2*m = 22. Is c prime?
False
Suppose -5*t + 0*t = -15. Suppose -g = -t*g + 10. Suppose -x - 3*f = -6*f - 52, 0 = -x + g*f + 62. Is x a composite number?
False
Let d = -105 - -165. Let h = 120 - d. Let j = h + -39. Is j a composite number?
True
Let s be (-4)/6*1*3. Is s/(-12) + 5348/24 a prime number?
True
Let l(v) = v**2. Let c(p) = -11*p**2 + 3*p + 3. Suppose -3 = 5*g + 2*s, -3 = -2*g - 4*s - 1. Let x(d) = g*c(d) - 6*l(d). Is x(-4) a prime number?
True
Let u(g) = 55*g + 9. Is u(16) prime?
False
Suppose 4*t - 5*s - 521 = 3*t, -2*s - 1576 = -3*t. Is t composite?
True
Let u be (-35)/(-10) - (-3)/(-2). Suppose 5*l = u*l + 42. Is l prime?
False
Suppose -l + 0*l + 3*x + 37 = 0, 2*x = 5*l - 211. Is l prime?
True
Suppose 2*q + 6 = -0*f - 5*f, -4*f - q - 6 = 0. Let t = f - -7. Is 22/8*(t + -1) composite?
False
Let u = 942 - -307. Is u a prime number?
True
Let d = 3 - 11. Let p be 1/4 - 22/d. Suppose 140 = 7*o - p*o. Is o a prime number?
False
Let l be (1 - -2) + 105/3. Suppose -4*j + l = -98. Is j a composite number?
True
Suppose 3*p + 2*p - 669 = n, 0 = 4*p - 2*n - 534. Let o = 201 - p. Is o composite?
False
Suppose -4991 = -3*z + 4*j, 0 = -z + 3*z + 4*j - 3294. Is z composite?
False
Let x(t) = -3 - 4*t + 2*t + 7*t. Is x(2) a prime number?
True
Is (1 + -4)/(1/(-23)) a composite number?
True
Suppose 3233 = 4*j + 397. Is j a composite number?
False
Suppose 4*t - 1084 = 3*b, 2*t - 564 = -5*b + b. Is t composite?
True
Is (139 + -1)*1/2 a prime number?
False
Suppose -298 + 78 = -4*r. Is r a composite number?
True
Let h = -1886 + 3179. Is h composite?
True
Suppose 90 = 3*t + 3*s, -4*t + 74 = -4*s - 46. Suppose t - 10 = 5*j. Is -57*(-1 - j/(-6)) prime?
True
Suppose 3*r = 3*z - 5*z - 43, -4*z - 26 = 2*r. Let u be (-51)/r + (-6)/15. Suppose -u*o + 77 = 14. Is o a prime number?
False
Let l(n) = n**3 + n**2 - 1. Let g(p) = -6*p**3 + p**2 + 2*p - 1. Let c(q) = -g(q) - 5*l(q). Is c(8) a prime number?
False
Let x = -6 + 15. Let c(q) = 12*q - 19. Is c(x) a prime number?
True
Let f = 25 + 26. Is f composite?
True
Let m be 546/(-8) + (-2)/(-8). Let s = 119 + m. Is s a composite number?
True
Suppose 0 = 4*o + 4*b - 36, -3*o + 21 = -2*o + 5*b. Let r be (2 + 0)*(-6)/(-4). Suppose -4*n - o*p + 121 = -r*p, 0 = -4*n + 5*p + 129. Is n a prime number?
True
Suppose 48*q + 679 = 49*q. Is q prime?
False
Suppose -1 = -2*v + 3. Let z(q) = 15*q + 3. Is z(v) prime?
False
Let c(b) = -787*b**3 + 2*b**2 + 2*b. Is c(-1) composite?
False
Let u(g) = g**3 - 5*g**2 + 4*g - 5*g - 4 - 2*g. Let h be u(6). Is (h/(4/2))/1 composite?
False
Let k(h) = 42*h + 5. Is k(3) composite?
False
Let l(g) = -8 + 15*g + 2 + 5*g. Let h be l(6). Suppose -h + 38 = -4*j. Is j a composite number?
False
Suppose 0 = 2*p - 5*i - 4, -7 = 3*p - 3*i + 2*i. Let f = -1 - p. Is ((-7)/f)/((-1)/2) a composite number?
False
Let p(n) = -6*n**2 - 4*n - 5. Let c(i) = -6*i**2 - 5*i - 5. Let m(j) = 2*c(j) - 3*p(j). Is m(4) composite?
False
Let k(x) = -142*x**3 - 2*x**2 - 2*x. Is k(-1) prime?
False
Suppose -3*b + 1702 = -191. Suppose 5*x - 3*n = -0*n + 1057, 3*x - n - b = 0. Is x a prime number?
False
Let q = 258 + -478. Is (1 - q/6)*3 a prime number?
True
Let c(s) = 4*s**2 + 16*s + 18. Let d(g) = -2*g**2 - 8*g - 9. Let v(f) = -6*c(f) - 13*d(f). Is v(-11) prime?
True
Is 4/(-6)*231/(-2) a prime number?
False
Let c(m) = 2*m**3 - 22*m**2 + 26*m + 15. Is c(14) composite?
True
Let p be 1/(((-21)/(-6))/7). Let v(y) be the second derivative of y**5/10 + y**4/6 - y**3/6 - y**2/2 + y. Is v(p) prime?
False
Suppose -2*a + l - 20527 = -7*a, 0 = -3*l + 6. Is a prime?
False
Is 18748/36 + 2/9 a composite number?
False
Let w(o) = 62*o**2 + 1. Let b be w(3). Let r = b + -308. Is r composite?
False
Let c(g) = 7*g**2 - g - 1. Is c(-6) a composite number?
False
Suppose 2*r - 16 = -2*r. Suppose 0 = h + r*h - 500. Suppose -7*t = -3*t - h. Is t a composite number?
True
Suppose -3795 + 15201 = 6*c. Is c prime?
True
Suppose 0*s - 1506 = -6*s. Is s a composite number?
False
Let l be (0/(-4))/(1 + 0). Let x(c) = -c**3 - 5*c**2 - 4*c + 3. Let f be x(-4). Suppose l = f*k + 2*k - 165. Is k composite?
True
Let c = -3 - -7. Suppose -4*a = -7*a - v + 480, -4*a + 645 = 3*v. Suppose a = -d + c*d. Is d prime?
True
Suppose -249 = -2*k - 2*p + 181, 3*k = 2*p + 635. Let u = -3 - -3. Suppose 3*v - k + 48 = u. Is v a prime number?
False
Is ((-9726)/24)/(3/(-12)) a prime number?
True
Let f(y) = -y**3 - 4*y**2 + 3*y + 2. Let h be f(-5). Suppose 3*c = -c + 8. Suppose -d + h = -3*s - 29, -5*d = c*s - 171. Is d a composite number?
True
Suppose -h + 101 = 4*p, 0*h + 5*p + 509 = 4*h. Suppose 2*a - 6*a = 3*b + h, -5*b + 4*a = 159. Is 2 - b - (-6)/(-3) composite?
True
Let z(p) be the first derivative of -2*p**3/3 - 11*p**2/2 - 6*p - 1. Let l(s) = 8*s**2 + 45*s + 25. Let y(i) = -2*l(i) - 9*z(i). Is y(-9) a prime number?
False
Let i(r) be the third derivative of 0 + 11/12*r**4 - 1/6*r**3 + 0*r + 2*r**2. Is i(3) prime?
False
Suppose 5*k - 2*s + 31 = 0, -3*s = 2 + 4. Let r(i) = i**3 + 10*i**2 - 6*i - 4. Is r(k) a prime number?
False
Suppose 2*w = -r + 4*r + 2, 4*w + 16 = -4*r. Let m(z) = 23*z**2 + 3*z + 3. Is m(w) prime?
True
Suppose 0 = -2*p + 116 + 128. Suppose -3*b + p = -163. Is b composite?
True
Suppose 0 = -0*a + a - 2. Suppose a*n - 203 = -0*n + 3*j, -106 = -n + 3*j. Is n a prime number?
True
Let y = 2 + 5. Is y a prime number?
True
Let n = -1 + 1. Suppose 5*q - 2*k - 685 = n, -q - 3*k = -k - 125. Suppose 4*d + 103 + 42 = 3*t, 2*t - q = -5*d. Is t prime?
False
Let p be (-111)/(-21) + 4/(-14). Suppose -p*l - 5 = 0, 4*g + 0*g = 3*l + 583. Is g prime?
False
Let h = 12 - 2. Let k = h + -5. Suppose 0*u = a - k*u - 47, 3*u + 256 = 4*a. Is a prime?
True
Suppose 12 = -4*v + 196. Let l = 129 - v. Is l composite?
False
Suppose 0*v + 2430 = 3*v. Suppose -199 = -w - 3*u + 6*u, -5*u - v = -4*w. Is w a composite number?
True
Is 3/(-6)*(-284 + -2) composite?
True
Let f(v) = v - 3. Let q = 27 + -19. Let y = q - 3. Is f(y) a prime number?
True
Let i be 24/(-16)*4/3. Let w be ((-178)/(-1) - i) + -2. Suppose -83 - w = -3*x. Is x prime?
False
Let l = 16 + 4. Let o be (115/(-4))/((-5)/l). Suppose -3*y = 2*y - o. Is y a prime number?
True
Suppose 0 = 3*f + f - 8. Suppose -85 = -f*k + 21. Is k a prime number?
True
Suppose -f + 10 = -3*i - 10, i - 2*f = 0. Let u(t) = -t**2 - 8*t + 9. Is u(i) a prime number?
False
Suppose 0 = -a - 2*a + 4041. Is a a prime number?
False
Let g = -17 - -8. Let w = g - -12. Is w a prime number?
True
Let j(s) = -s**3 - 6*s**2 - 6*s + 6. Let q = -17 - -12. Is j(q) prime?
True
Let n(s) = -2*s + 3. Let t(i) = i - 2. Let c be t(7). Let q be n(c). Let f(d) = d**3 + 7*d**2 - 3*d - 6. Is f(q) a prime number?
False
Suppose 53 = 3*n - 5*y, -23 + 0 = -n + 3*y. Let h be ((-228)/8)/(3/(-4)). Let o = h + n. Is o composite?
True
Let z = -270 - -601. Is z a composite number?
False
Suppose -7*r + 3*r + 36 = 0. Is r prime?
False
Let i(b) = 7*b - 3. Is i(10) prime?
True
Suppose 4*u = 42 + 1946. Is u prime?
False
Let l be -6*1/(-2)*1. Suppose -5*o = -3*z + 1270, z = 6*z + l*o - 2060. Is z prime?
False
Let k be (-2)/(-11) + 159/33. Suppose k*g - 99 = 2*g. Is g a prime number?
False
Is -7*5/((-10)/1594) prime?
False
Let f(i) = 4*i**2 + i - 1. Let g be f(1). Suppose g*h - 355 = -67. Suppose -5*n = h - 457. Is n a prime number?
False
Is 6492/(-8)*(-2)/3 a prime number?
True
Let m = -845 + 3282. Is m a prime number?
True
Suppose -5*q - 7 = -2*r - 0*q, 0 = -r - 5*q + 11. Suppos